1617 = -a. What are the prime factors of a?
1609
Let v be (-1 + 0)*-2*1713/6. Suppose 277 = 4*u - v. List the prime factors of u.
2, 53
Let v(s) = 114*s**2 - 9*s + 24. Let t(c) = -140*c**2 + 12*c - 25. Let n(y) = 4*t(y) + 5*v(y). Suppose -3*r + 5 = -4*r. List the prime factors of n(r).
3, 5, 17
Let g(v) = 8*v**2 + 883*v + 176. What are the prime factors of g(-131)?
7, 11, 283
Let x(w) = 425*w - 8. Let l(i) = -851*i + 16. Let u(t) = -3*l(t) - 7*x(t). What are the prime factors of u(-1)?
2, 5, 43
Let g be (-8)/72*-21*-1815. What are the prime factors of (-13)/(-5) - 2 - g/25?
2, 5, 17
Let w(g) = -412*g - 59. Let k be w(-4). Suppose -11*f + 919 + k = 0. What are the prime factors of f?
2, 3, 19
Let r(u) = -9*u**3 - 10*u**2 - 9*u + 268. List the prime factors of r(-8).
2, 3, 359
Let s be ((-4)/6 - 0)*(-585)/78. Suppose 662 = 2*r - 5*i, 2*r + 4*i - 646 = s*i. List the prime factors of r.
3, 107
Let i = 30169 + -12516. List the prime factors of i.
127, 139
Let q = -389 - -393. Suppose 4*o = -h + 576 - 138, 16 = q*o. List the prime factors of h.
2, 211
Let i = 12444 + -6336. What are the prime factors of i?
2, 3, 509
Let k be 181 - ((-6)/(-3) - 2). Let w(q) = -q**3 - q**2 + 28*q + 56. Let j be w(-2). Suppose k + 47 = j*d. What are the prime factors of d?
3, 19
Let d(k) = -30*k + 16. Let p be d(-5). Let s be 1/3 + (-5)/(-3) + p. Suppose 2*u + s = 4*n - 2*u, u = 5*n - 190. List the prime factors of n.
37
Let r(g) = 48*g**3 + 20*g**2 - 17*g - 49. What are the prime factors of r(8)?
3, 43, 199
Let u be (-4)/(-20) + (-6170)/(-25). Let d = u + -141. Let j = d + 27. List the prime factors of j.
7, 19
What are the prime factors of 56/(24/(-16)*12/(-9081))?
2, 7, 1009
Let h(o) = o**3 - 6*o**2 + 4*o + 7. Let v be h(5). Suppose 2*y + 6 + 0 = 0, 4*n = v*y + 1646. Suppose 2*l - n = -3*l. List the prime factors of l.
2, 41
Let s(v) = 9*v**2 + 18*v + 43. Let u be s(-3). What are the prime factors of 38696/u - ((-4)/(-5) - 1)?
7, 79
Let u be (-3328)/91 + 8/14. Let g be 4/(-3)*(-3 + u). Suppose -250 = -4*t - l, -4*l - g = -t + l. What are the prime factors of t?
2, 31
What are the prime factors of 16839 - 9/2*(-1 + 147/63)?
3, 31, 181
Let g(k) = k**2 - k + 448. Let q be g(0). Suppose -2*c - 1532 = -4*t + q, 5*t + 2*c = 2457. List the prime factors of t.
17, 29
Let w(i) = -2*i**2 + i**3 - i**2 - 1 + i - 3 - 4. Let u be w(4). Suppose -4*s = u, 0 = -4*o + 2*s - 5*s + 611. List the prime factors of o.
5, 31
Suppose -2*q + 37 + 1 = 0. Suppose -5*j + q = -6. Suppose 0 = j*l - 133 - 257. List the prime factors of l.
2, 3, 13
Let b be (3 + -21)/(1/10)*-1. Suppose -b = -c + 2*t, -3*t = c + 19 - 224. What are the prime factors of c?
2, 5, 19
Let g(x) = 2295*x + 611. List the prime factors of g(2).
7, 743
What are the prime factors of (-10976)/(-4)*(-45)/(-18)?
2, 5, 7
Let k(j) = 46*j + 49. Let p(x) = -93*x - 100. Let g(n) = 5*k(n) + 2*p(n). What are the prime factors of g(5)?
5, 53
Suppose -504 = -22*m + 5766. Let g = m - -839. List the prime factors of g.
2, 281
Let r = -1472 - -18465. List the prime factors of r.
16993
Suppose -9367 = -17*c + 2975. Suppose -534 - c = -6*i. List the prime factors of i.
2, 3, 5, 7
Let k be (-6 - (-21)/3)*5. Suppose -4*u - 5*g = -g - 1876, -5 = -k*g. What are the prime factors of u?
2, 3, 13
Let f = -252 - -1606. List the prime factors of f.
2, 677
Let v = -90 + 8. Let j = v - -109. Suppose 3*z - 207 = j. List the prime factors of z.
2, 3, 13
Suppose 0 = -2*a - 4, 0 = -d + 2*a + 35 - 27. Suppose -5*n = -w - 6425, 3319 = d*n - w - 1820. What are the prime factors of n?
2, 643
List the prime factors of ((-1728)/56)/((-5)/1400).
2, 3, 5
Let n be 121/5 - ((-6)/15)/(-2). Suppose 11*b - n + 2 = 0. Suppose -3*d = 3*p - 3 - 18, d = -b*p + 3. List the prime factors of d.
11
Let i be 0/5 - -4 - 0. Suppose 49 - 981 = -2*f - i*x, -2*f = x - 935. Suppose -3*z = 4*k - k - f, -z = -3*k - 148. List the prime factors of z.
2, 7, 11
Suppose 5*n + 10 = 0, 0*o + 3*n - 4 = 5*o. List the prime factors of 57/o*(-2052)/81.
2, 19
Suppose -621 = -4*k + 2295. Suppose 4*m + 2*y = 2142, -3*m + 5*y + 2368 = k. List the prime factors of m.
2, 269
Let n = -19 + 3. Let f be 4/((n/(-12))/((-2)/(-3))). Suppose -4*w - f = 2*a - 304, 5*w - 166 = -a. What are the prime factors of a?
3, 47
Suppose -5*n = -2*b + 3557, b + 9*n - 1768 = 10*n. What are the prime factors of b?
3, 587
Let j = -1961 - -2057. List the prime factors of j.
2, 3
Let s = 1288 + 774. What are the prime factors of s?
2, 1031
Let a = 989 + 7950. List the prime factors of a.
7, 1277
Suppose -52*y + 56*y = -1604. List the prime factors of -2 - (y + -1) - -2.
2, 3, 67
Let h(q) = 105*q - 142. Let b be h(8). List the prime factors of b*((-55)/(-10) + -5).
349
Suppose 10*d + 1555 + 1155 = 0. Let a = -34 - d. What are the prime factors of a?
3, 79
Let s(h) = -8334*h - 2064. List the prime factors of s(-7).
2, 3, 83, 113
Let g = -112 - -111. List the prime factors of 339/(-21)*g + (-2)/14.
2
Suppose 5*b - 3*o + 4*o - 12 = 0, 4*o - 8 = 0. Let p = b + 2. Let n(i) = 3*i**2 - 4*i - 4. What are the prime factors of n(p)?
2, 7
Let v(a) = 1018*a - 1374. List the prime factors of v(5).
2, 929
Suppose 6*a = 72 - 18. Let f(w) = 4*w**2 - w + 42. List the prime factors of f(a).
3, 7, 17
What are the prime factors of (-11 - -12)/(7/36197)?
5171
Let w = 2232 - 2168. Let h(k) = -k**3 + k**2 + k + 65. Let u be h(0). Let l = w + u. List the prime factors of l.
3, 43
List the prime factors of 10/16 - (-3406298)/112.
2, 3, 37, 137
Let g = 1923 - -1036. Let l = g + -731. Suppose -l = -14*w + 1258. List the prime factors of w.
3, 83
Let p(t) = -3*t + 50. Let j be p(15). Suppose -2*i - 2*h + 271 = 3*h, j*i = 2*h + 663. What are the prime factors of i?
7, 19
Let j(o) = 133*o**2 - 32*o - 191. What are the prime factors of j(-8)?
3, 953
Suppose 0 = -2158*a + 2145*a + 15093. List the prime factors of a.
3, 43
Let b(h) = -h**3 - 4*h**2 - 3*h - 4. Let m be b(-3). Let g be -1*(11 - 3)/m. List the prime factors of (3 - g)*-46*6/(-4).
3, 23
Let m = 195 + -195. Suppose 5*y + 15 = m, -6097 = -5*q - y + 1820. What are the prime factors of q?
2, 3, 11
Let h(i) = -4*i + 217*i**2 + 6*i - 236*i**2 - 3. Let x be h(2). What are the prime factors of -207*((-1)/(-15) + 30/x)?
3, 23
Suppose 2107*x + 73720 = 2126*x. What are the prime factors of x?
2, 5, 97
Let r = -14758 - -25029. What are the prime factors of r?
10271
Suppose y + 10 = m, 4*m - 3*y - 47 = -11. Suppose -m*s + 4 = -14. List the prime factors of (37/2)/(s/18).
3, 37
Let b be (-948)/9*(-243)/81. Suppose n - 2*t = 4*n - 13, n = t + 1. Suppose 4*c = n*d + b, 2*d + 79 = c + d. List the prime factors of c.
79
Suppose 586590 = 326*x - 311*x. What are the prime factors of x?
2, 19553
Let j(h) = 7*h**3 - 9*h**2 - 4*h**3 - 4*h - 2*h + 22 - 4*h**3. Let x be j(-8). What are the prime factors of (3 - (-56)/x)/((-3)/(-18))?
2, 37
Let y(a) = -4*a + 54. Let b be y(12). Suppose 3*p - 1350 = -b*p. Let m = p + -96. What are the prime factors of m?
2, 3
Suppose 0 = -92*d + 97*d, -k + 41685 = d. List the prime factors of k.
3, 5, 7, 397
Let o(c) = 215*c**2 + 3*c - 117. What are the prime factors of o(10)?
7, 19, 23
Let k be (-274 - -1) + (-5 - (-2 + -3)). Let r = 28 - k. List the prime factors of r.
7, 43
Let u = -1532 - 240. Let c = u + 2490. What are the prime factors of c?
2, 359
Suppose b = -3*q - 10, 2*b - 1 - 19 = 4*q. Let m be ((-4654)/(-4) + 0)*b. Suppose m = 13*t - 0*t. What are the prime factors of t?
179
Let f be 6 + (-6)/3 - (-8781 - -7). List the prime factors of (f/(-931))/(1 + 16/(-14)).
2, 3, 11
List the prime factors of (7 + 2)/((-111)/(-350834)).
2, 3, 11, 431
Let u(q) = -6*q**3 - 8*q**3 - 2 - q**2 - 3*q**2 - 8*q - 2*q**2. Suppose 5*n - r + 5 = 0, 0 = 4*n - 5*r - 2 - 15. List the prime factors of u(n).
2, 3, 17
Suppose -584303 = 205*p - 2675303. What are the prime factors of p?
2, 3, 5, 17
What are the prime factors of ((4/10)/(38/285))/(6/121460)?
2, 5, 6073
Suppose 789 = -7*k + 9497. Let g = k - 729. What are the prime factors of g?
5, 103
Suppose 33*a = 10796 + 1480. Let g = a + 332. What are the prime factors of g?
2, 11
Let i = -309 - -300. Let v(m) = -23*m - 12. What are the prime factors of v(i)?
3, 5, 13
What are the prime factors of (274/(-8))/(3801/476 + -8)?
17, 137
Let a(m) = 1 + 14 + 